 5*d. What is the hundreds digit of x?
9
Let r(m) = 135*m**2 + 48*m + 149. Let f(n) = -68*n**2 - 24*n - 75. Let l(z) = -5*f(z) - 2*r(z). What is the units digit of l(-3)?
5
Suppose 5 + 0 = -5*n. What is the tens digit of (-2 - (2 - -445))*n?
4
Suppose 16*u - 19*u = 12. What is the units digit of 201 + 2/(-4)*u?
3
Suppose 137 - 140 = -3*u. What is the hundreds digit of (u - -736)/(24/24)?
7
Suppose 69*w + 69*w = 136*w + 38604. What is the units digit of w?
2
Let h be 7*112 + 6/9*3. Suppose 19*w - 10495 = -h. What is the tens digit of w?
1
Let h(j) = -1162*j - 429. What is the hundreds digit of h(-9)?
0
What is the hundreds digit of ((-752)/6)/(-3 - ((-15004)/231)/22)?
6
Let l = 9389 + 856. What is the tens digit of l?
4
Suppose -6539 = -22*s - 1347. Suppose -s = 5*c - 3366. What is the tens digit of c?
2
What is the hundreds digit of (-2)/(6/(-59409)) - 10*(-7)/14?
8
Let u = 324 + -300. What is the units digit of 905 + 4*(6/u - 0)?
6
Suppose -3*f - 2 = 3*t - 2*t, 2*f = -5*t + 29. Let s(b) = -b + 16. Let m be s(6). Suppose m*g - t*g = 54. What is the tens digit of g?
1
Let d = 1 + 1. Let o be d*-3*6/9. What is the tens digit of -67*((3 - 0) + o)?
6
Suppose -16*t + 20*t + 4008 = 0. Let s be t/9*(-6)/4. Suppose -7*j = -11*j - 3*w + s, -j - w + 43 = 0. What is the tens digit of j?
3
Let n(j) = j**3 + 2*j**2 - 9*j + 2. Let g be n(2). Suppose -8*z + 272 + 4400 = g. Suppose 0*p + p + 736 = 5*w, -z = -4*w - 4*p. What is the tens digit of w?
4
Let t(i) = i + 28. Let l be t(-16). Let j be -51*(l/(-72) + 2/4). Let f = 112 + j. What is the tens digit of f?
9
Let c(p) = -102*p - 5. Suppose 6*u - 2*a + 47 = 11*u, u + 9 = -5*a. Let k(o) = -3*o + 32. Let m be k(u). What is the units digit of c(m)?
7
Let i = -11248 - -21435. What is the units digit of i?
7
Let b(r) be the second derivative of -r**4/6 + r**3/2 - r**2 + 26*r. Let s be b(2). Let j(i) = 8*i**2 + 5*i - 4. What is the tens digit of j(s)?
0
Let s(l) = -2*l - 10. Let n be s(-5). Suppose n = 8*i - 10*i + 1008. What is the hundreds digit of i?
5
Suppose 32541 - 124293 = -4*w + 4*x, 0 = 5*w - 3*x - 114678. What is the ten thousands digit of w?
2
Let u(w) = -5*w**3 - 202*w**2 - 45*w + 6. What is the ten thousands digit of u(-43)?
2
Suppose 9*s - 55 = -2*s. Suppose y + y + 2 = 0, s = 2*j + 3*y. Suppose 670 = j*o + 198. What is the hundreds digit of o?
1
Let k be 4/(-6) - (-5599)/33. Let q = 217 - k. What is the tens digit of q?
4
Suppose -202 = -2*h + 2*g, 2*h - 176 - 23 = g. Let c = -65 + h. What is the units digit of c?
3
Let z(h) = 2*h**3 + 34*h**2 + 21*h + 7. Let y(c) = -c**2 - 23*c - 128. Let x be y(-16). What is the tens digit of z(x)?
8
Let c = -1928 - -3833. What is the hundreds digit of 2*(c/10 - 0)?
3
Let i = 3513 + -245. What is the tens digit of i?
6
Let g(o) = -3*o**2 + 56*o + 20. Let c be g(19). What is the tens digit of c/4 + 25970/56?
6
Let h(d) = -d**3 - 10*d**2 + 2*d + 29. Let b be h(-10). Let q(r) = -27 + b*r**2 + 26 + r + 7*r. What is the units digit of q(2)?
1
Let k(p) = p**3 - 22*p**2 - 47*p - 1. Let y be k(24). Suppose -y*w + 25 = 2*w. What is the units digit of w?
1
What is the hundreds digit of 15*(-3)/30*-20742?
1
What is the tens digit of 1/(1/453) - (2 - 0)?
5
Suppose 3158815 = 23599*u - 23520*u. What is the units digit of u?
5
Let i(t) = -t**3 - 11*t**2 - 17*t + 11. Let q be i(-9). Suppose -5*v + o = 1390, -1118 = 6*v - q*v - 2*o. What is the units digit of (-6)/(-14) + (v/(-7) - -5)?
5
What is the units digit of (9 - -2) + (6 - -12) + 29949?
8
Suppose 0 = 3*l - 3*s - 45252 - 21699, -3*l = -4*s - 66948. What is the tens digit of l?
2
Let q = 103812 - 41890. What is the ten thousands digit of q?
6
Suppose 14*i + 6 = 12*i. Let o = i - -324. What is the tens digit of o?
2
Let s(y) = 4*y**2 - 2*y + 2. Let r be s(3). Let j be (r/(-12))/((-2)/3). Let w(z) = -z**2 + 7*z - 5. What is the units digit of w(j)?
7
Let w(i) = 16*i**2 - 70*i + 2160. What is the tens digit of w(37)?
7
Suppose 0 = 23*y - 18*y - 6650. Suppose -3*g - y = -8*g. Suppose -4*d + m + 340 = 0, -2*m = 4*d - d - g. What is the units digit of d?
6
Let s = 8752 + 2315. What is the tens digit of s?
6
Let n(t) = 12*t**2 - 88*t + 22. Suppose 29*s = -21*s + 500. What is the units digit of n(s)?
2
Let s(k) = k + 19. Let a be s(0). Let u = a + -17. Suppose 0 = -u*n + 5*o + 66, -4*o + 238 = 3*n + 93. What is the units digit of n?
3
Suppose 20 = -0*w + 2*w. Suppose -5*y - w - 15 = 0, -5*y = -2*k + 249. Suppose -u = -5, 3*z - u = -3*u + k. What is the units digit of z?
4
Suppose -5*a + 2382 = m, -a + 462 = -0*a + 5*m. Suppose 5*y - 1038 = -2*n, -4*n = 5*y - 559 - a. What is the units digit of y?
8
Let v = 6 + -6. Suppose v = -16*w - 791 - 1609. What is the tens digit of ((-5004)/10)/(-3) + (-30)/w?
6
What is the thousands digit of -19 + (23 - 7) - -3361?
3
Let b = 8793 - 6650. What is the tens digit of b?
4
Suppose 0 = 3*b - n - 32, -2*b + 0*n + n + 20 = 0. Let q be (-1)/2 - 807/b*-2. What is the units digit of (-1 - (-10)/4)*(q + 10)?
6
Let d = 41667 - 20221. What is the hundreds digit of d?
4
Let d(p) = 344*p - 745. What is the thousands digit of d(10)?
2
Let x(p) = p**3 - 5*p**2 + 3*p + 5. Let m be x(4). Suppose -3*q + 4*q = 5*k - m, 2*k - 14 = -3*q. Suppose q*b = 438 + 278. What is the units digit of b?
9
Let j = 56460 - 32212. What is the units digit of j?
8
Let n(a) = 130. Let p(d) = 10. Let h(x) = -3*n(x) + 40*p(x). Let s(r) = r + 11. Let c(i) = 7*h(i) - 6*s(i). What is the units digit of c(-8)?
2
Let v(o) = -5663*o + 6849. What is the ten thousands digit of v(-10)?
6
Let k = 82 + -43. Let h be k/4 - (-10)/40. Suppose 5*c + 489 = 5*j - 511, 2*c = h. What is the hundreds digit of j?
2
Suppose -26 = -4*r + 4*b - 50, 0 = -3*r + b - 14. Let f(s) = -15*s**3 - 3*s**2 - 7*s - 8. What is the units digit of f(r)?
2
Let w = -18544 - -27164. What is the tens digit of w?
2
Let g = -42575 + 103780. What is the hundreds digit of g?
2
Let l = 20505 - 18958. What is the thousands digit of l?
1
Let t be (4/(-3))/((-2)/(-45)*5). Let o(p) = -p**3 - 5*p + 5. What is the units digit of o(t)?
1
What is the thousands digit of (3024/1680)/(6/124360)?
7
Suppose p + 20*k - 24*k - 8255 = 0, 6*p - k = 49530. What is the units digit of p?
5
Let z(f) = -f**3 + 53*f**2 - 56*f + 752. What is the units digit of z(44)?
2
Let k(c) = -c**3 - 8*c**2 + 3*c + 32. Let f be k(-8). Let p be 6*(f/32 - 2/(-8)). Suppose -p*d - 390 = -6*d. What is the tens digit of d?
3
Let c(p) = -p**3 - 20*p**2 + 19*p - 34. Let d be c(-21). Suppose 0 = 4*k - 9*k + 4540. Suppose -d*j = -k - 668. What is the hundreds digit of j?
1
Suppose 18798 = -4*j + 50606. What is the thousands digit of j?
7
Let j(z) be the third derivative of -6*z**4 + 7*z**3/6 + 6*z**2. Let q be j(3). What is the hundreds digit of (q/(-35) - -5)/((-1)/(-7))?
1
Let c be (-9309 + 0)/((-12)/(-8)). Let d be c/(-7) + (-2)/(-7)*-2. Suppose 11*j + d - 2910 = 0. What is the hundreds digit of j?
1
Suppose 14931 + 41577 = 6*m. What is the hundreds digit of m?
4
Let s = 845 - -21583. What is the units digit of s?
8
Let v(q) = -172*q**3 - 11*q**2 - 24*q + 45. What is the thousands digit of v(-5)?
1
Let g(o) = -3*o - 3*o - 42*o**2 + 4*o + 2. Let l be g(1). Let a = l + 97. What is the units digit of a?
5
Let x(l) = 125*l + 81. Let r be x(22). Suppose -4*h + r + 589 = 0. What is the tens digit of h?
5
Let u(z) = 16952*z**2 + 46*z + 39. What is the tens digit of u(-1)?
4
Suppose 42414 = 18*q - 102702. What is the hundreds digit of q?
0
Let f be (1800/14)/((36/28)/(-9)). What is the units digit of (-16 + 2)*f/42?
0
Let q(h) = 28*h + 64. Let v(t) = -t - 1. Let c(d) = q(d) + 24*v(d). Let j be -5*(-378)/105 - 7. What is the tens digit of c(j)?
8
Suppose 0*r - 2*i = 3*r - 31, -i = 4*r - 33. Suppose -2*f + 27 = r*f. Suppose -v = f*v - 4, -5*v = -g - 2. What is the units digit of g?
3
Let q(p) = -3*p**3 - 26*p**2 + 32*p - 89. What is the thousands digit of q(-18)?
8
Let z(r) = -r**2 + r**2 + 0*r**2 + r**2 + 5*r + 16. Let h be z(-17). Suppose h = 6*c - 410. What is the hundreds digit of c?
1
Suppose -8*j + 4*j = -5*g + 31, 0 = 4*g + 3*j. Suppose -d + g*h + 694 = 7*h, 0 = -3*h. What is the units digit of d?
4
Suppose 608*l + 5171 = 2*n + 611*l, -l = 5*n - 12895. What is the tens digit of n?
7
Let n(m) = 808*m + 4441. What is the thou